 553 - -124?
677
In base 4, what is 3 - -1112321?
1112330
In base 16, what is 23e + 74?
2b2
In base 7, what is -463 - -4612?
4116
In base 16, what is 579 + -3?
576
In base 3, what is -1202012 + 21012?
-1111000
In base 5, what is 1 - -20420412?
20420413
In base 4, what is -122 + -323003000?
-323003122
In base 16, what is -1c - -1ec8?
1eac
In base 16, what is 4afd1 + -3?
4afce
In base 11, what is 18875 + -3?
18872
In base 14, what is c - -75c99?
75ca7
In base 13, what is 1 - c4032?
-c4031
In base 10, what is 1519 - 58?
1461
In base 3, what is -1 + -221102202?
-221102210
In base 4, what is 3302 + 3111130?
3121032
In base 11, what is -4a5 - -a19?
524
In base 11, what is -4 - 1a0707?
-1a0710
In base 14, what is 78a - 20?
76a
In base 11, what is 41722 + -7?
41716
In base 5, what is -12420103 - 11?
-12420114
In base 4, what is 3 - 20011233?
-20011230
In base 6, what is 10 + -113022?
-113012
In base 4, what is -1021000 - 2?
-1021002
In base 9, what is 164513 + 17?
164531
In base 16, what is 31b4d + -5?
31b48
In base 5, what is 34 + -2140424?
-2140340
In base 10, what is 792 + 44?
836
In base 12, what is 10786 + -4?
10782
In base 16, what is -264e9 + -2?
-264eb
In base 12, what is 6089 - -37?
6104
In base 12, what is -223 + -2158?
-237b
In base 16, what is -1 - a183c?
-a183d
In base 15, what is 3e56 + -4?
3e52
In base 13, what is 48208 - -2?
4820a
In base 13, what is 79 - 202?
-156
In base 3, what is 100 - -102020221?
102021021
In base 13, what is 866 + 688?
1221
In base 14, what is -5 - -22079?
22074
In base 16, what is 0 + 105a32?
105a32
In base 11, what is 2216 + 2?
2218
In base 5, what is 3 + -114343401?
-114343343
In base 3, what is 20011 - -1221201?
2011212
In base 15, what is 4 + 2067?
206b
In base 3, what is 12 + 2100012001?
2100012020
In base 7, what is -211 + 1016?
505
In base 13, what is -7391 + 0?
-7391
In base 4, what is 11 - -333010?
333021
In base 7, what is 53 + -200045?
-166662
In base 16, what is -493a + f?
-492b
In base 13, what is -4 - -3a002?
39ccb
In base 5, what is -2 + 434043?
434041
In base 3, what is -122 + -102001221122?
-102001222021
In base 3, what is 10021 - 1200?
1121
In base 6, what is 45130 + -13?
45113
In base 14, what is a2 - 5bd?
-51b
In base 4, what is 13 - -211233?
211312
In base 8, what is 2 + 11452?
11454
In base 5, what is -241 + -41302?
-42043
In base 4, what is 3 - -23110?
23113
In base 15, what is 0 - c59ca?
-c59ca
In base 3, what is -1210 - -11002101?
11000121
In base 5, what is 3 - -3031421?
3031424
In base 6, what is 5 - -204300?
204305
In base 14, what is -3 + da22?
da1d
In base 15, what is 447 + ce2?
1239
In base 9, what is -1134 - -5?
-1128
In base 2, what is -111000000010110 + 11?
-111000000010011
In base 9, what is -4 + -64442?
-64446
In base 9, what is -8 - 151004?
-151013
In base 15, what is 4334 - -15?
4349
In base 9, what is 50676 - 141?
50535
In base 4, what is -31220 - -12333?
-12221
In base 15, what is 91cbe + 5?
91cc4
In base 2, what is -1010000101 + -10101000?
-1100101101
In base 13, what is -1523c - -2?
-1523a
In base 14, what is -13d7 - 22?
-1419
In base 6, what is -13 - 4313444?
-4313501
In base 13, what is -3b - 863a?
-8678
In base 10, what is 204 - 40?
164
In base 5, what is 22143313 - 3?
22143310
In base 8, what is 121 - 1672?
-1551
In base 3, what is 10000200211200 + -12?
10000200211111
In base 6, what is -244354 - 45?
-244443
In base 10, what is 5 - 314073?
-314068
In base 13, what is -4 - -257a?
2576
In base 3, what is -1112 + 1121111002?
1121102120
In base 9, what is 14 + 20350?
20364
In base 8, what is -6006 - 54?
-6062
In base 6, what is 1253 - 31?
1222
In base 5, what is -22341200 + 1?
-22341144
In base 11, what is -120a7 + -206?
-12302
In base 13, what is -19 - 1005?
-1021
In base 9, what is 2 + 2400553?
2400555
In base 8, what is -13252 + -23?
-13275
In base 12, what is -19a37 - -5?
-19a32
In base 3, what is 0 - -1002101222212?
1002101222212
In base 12, what is -3ab - -15?
-396
In base 15, what is -7d - 6882?
-6910
In base 11, what is 32831a - -5?
328324
In base 10, what is -193 - -89?
-104
In base 10, what is -34 + -737?
-771
In base 6, what is 10 - 31?
-21
In base 13, what is 5 + ca?
102
In base 4, what is 131103133 - 110?
131103023
In base 16, what is c5f - -210?
e6f
In base 13, what is 513 - 395?
14b
In base 8, what is -3 + 440400?
440375
In base 9, what is -32 + -616?
-648
In base 13, what is -1 - -bb05?
bb04
In base 3, what is 21212 + 200?
22112
In base 9, what is -687 - 3312?
-4110
In base 16, what is -13abaa - -1?
-13aba9
In base 14, what is -35 + 1b395?
1b360
In base 4, what is -1022332 + -11?
-1023003
In base 7, what is -6 - 54560?
-54566
In base 4, what is 311200 - 12122?
233012
In base 12, what is -1317 + 162?
-1175
In base 16, what is -3f - -7?
-38
In base 8, what is -5 + -231046?
-231053
In base 3, what is -2201120122 - 20?
-2201120212
In base 6, what is 2215 - 253?
1522
In base 6, what is 40150125 - 1?
40150124
In base 16, what is -88 - 12d?
-1b5
In base 11, what is -6 + 1998?
1992
In base 8, what is 1363 - -232?
1615
In base 14, what is -79662 + -2?
-79664
In base 3, what is -11122 - 1221010200?
-1221022022
In base 11, what is -270a - 5?
-2714
In base 10, what is -1 + 3104?
3103
In base 12, what is 7b5161 + 3?
7b5164
In base 4, what is 210320220 - 0?
210320220
In base 10, what is 19335877 + 1?
19335878
In base 11, what is a0 - 11111?
-11021
In base 3, what is -12011112020 - -11?
-12011112002
In base 6, what is -3 + 15453514?
15453511
In base 7, what is -1205 - -132?
-1043
In base 8, what is 667 - -672?
1561
In base 16, what is -356 - 37f?
-6d5
In base 4, what is -100300 - -201?
-100033
In base 7, what is -3 - -2123560?
2123554
In base 5, what is -12 + -20141403?
-20141420
In base 15, what is -508ee + -3?
-50902
In base 6, what is 12452 - -1022?
13514
In base 15, what is a + 105?
110
In base 15, what is d4e - -3d?
d8c
In base 9, what is -328566 + 3?
-328563
In base 3, what is 12 - 12020100?
-12020011
In base 5, what is 10 + 133244?
133304
In base 15, what is -da + -1596?
-1681
In base 12, what is -7 + -21511?
-21518
In base 10, what is -5 + 2090?
2085
In base 6, what is -121 + 1111023?
1110502
In base 9, what is 2 + 40833?
40835
In base 11, what is 7 + -6827?
-6820
In base 7, what is -20230216 + 5?
-20230211
In base 4, what is 2011 - -213?
2230
In base 15, what is 8 + 11740?
11748
In base 13, what is -780b + -3?
-7811
In base 15, what is -7c7 - -1cb?
-5eb
In base 10, what is 17 - -975?
992
In base 11, what is 444 - -68?
501
In base 3, what is -101102102 + 1120?
-101100212
In base 10, what is -1960 + -49?
-2009
In base 4, what is 1023100 + -112?
1022322
In base 14, what is 602b + 47?
6074
In base 9, what is -4 - -277257?
277253
In base 8, what is 12 + -17635?
-17623
In base 15, what is -de40 + 1?
-de3e
In base 3, what is -1 - 100100111?
-100100112
In base 12, what is 57a7 + 2a2?
5a89
In base 4, what is 2021 + -10133?
-2112
In base 16, what is c09b + 2?
c09d
In base 8, what is -42 + 56751?
56707
In base 10, what is -169 + 9018?
8849
In base 10, what is -4 - 53529?
-53533
In base 12, what is -3 + 1b7717?
1b7714
In base 16, what is 1a1bb + -d?
1a1ae
In base 12, what is -3 - 748565?
-748568
In base 3, what is -21110021 + 2112?
-21100202
In base 4, what is 331022101 + -12?
331022023
In base 15, what is 240 - 34?
20b
In base 15, what is -4a + -656?
-6a1
In base 9, what is -1225 - -2384?
1158
In base 15, what is -34 - -17251?
1721c
In base 5, what is -112 + -21140120?
-21140232
In base 10, what is 5 + 29265?
29270
In base 9, what is -218 + -162?
-381
In base 5, what is -10 + 11003333?
11003323
In base 16, what is 443b9 - 1?
443b8
In base 14, what is 589 - -31?
5ba
In base 11, what is -5171 - -4?
-5168
In base 2, what is -10010110100101 - 11001000?
-10011001101101
In base 12, what is 533 - -233?
766
In base 12, what is 2642 - 1?
2641
In base 3, what is 120111022202 + 0?
120111022202
In base 8, what is 1122543 + 1?
1122544
In base 5, what is 1104012 + 1?
1104013
In base 11, what is 117aa - -4?
11803
In base 9, what is 13787 + -5?
13782
In base 4, what is 10 - 2133012?
-2133002
In base 8, what is 2435 + 134?
2571
In base 10, what is -213 - 3989?
-4202
In base 7, what is -3 + 126113?
126110
In base 13, what is 5 - -14845?
1484a
In base 3, what is 10 - 120022100?
-120022